*v = -2*v - 5*d + 352, 3*v = -o*d + 523. What is the tens digit of v?
7
Let h(b) = b**3 - 17*b**2 + 8*b + 21. Let w be h(16). Let q = 181 + w. What is the units digit of q?
4
Suppose 5*u - 5 = 4*u. Let n be (1/2)/(u/40). Suppose -n*a + c + 44 = 0, -2*c + 2 = a - 0. What is the units digit of a?
0
Let j(v) = -78*v - 12. Let s(z) = -2*z**3 - z - 1. Let w be s(1). What is the units digit of j(w)?
0
Let f(n) = -2*n + 44. What is the tens digit of f(10)?
2
What is the units digit of (50/4)/((-32)/(-2176))?
0
Let o(l) = l + 6. Let j be 1 + (-2)/1 - 3. Let h be o(j). Suppose -3*i + 7 = -h. What is the units digit of i?
3
Suppose -5*b - 3 + 8 = 0. What is the units digit of (b + -3)*23/(-2)?
3
Let a = 23 + -38. What is the hundreds digit of 6092/28 - a/35?
2
Let d = -328 - -698. Let c = 535 - d. What is the tens digit of c?
6
Let b(n) = -3*n + 7. Let y be b(-3). Suppose -5*s = 2*p - y, -4*s + 11 + 0 = p. Suppose -p*g - v + 23 = -123, -184 = -4*g - 4*v. What is the tens digit of g?
5
Suppose -6 = d + 5*m, 2*d - 6*d = 2*m + 6. Let c(l) = 7*l**2 - l - 1. What is the units digit of c(d)?
7
Let c(m) = -8*m + 5. Suppose -3*w + 6*w + 15 = 0. What is the tens digit of c(w)?
4
Let g be (6 - 1)*3*(-112)/(-6). Suppose g = 4*f - 36. What is the tens digit of f?
7
What is the hundreds digit of ((-2550)/(-12))/((-10)/(-20))?
4
Suppose 4*p - 57 = -5*d, -5*d + 4 = p + 1. Let w = 84 - p. What is the tens digit of w?
6
Let r(m) = m**2 + 10*m - 2. Let x be r(-6). Let a = 28 + x. Let u(h) = 24*h + 2. What is the tens digit of u(a)?
5
Suppose -108 = -4*g - 16. Let k = 112 + -111. Suppose w - k = 0, 0*l - 5*w - g = -2*l. What is the tens digit of l?
1
Let a(k) = 6*k - 1. Let f be a(4). Suppose -f = 4*z - 127. What is the tens digit of z?
2
Suppose -9*z + 30 = -6*z. Suppose 3*q = -f + 81, 26 - z = q + 4*f. Suppose -q = -5*r + 127. What is the units digit of r?
1
What is the tens digit of ((-183065)/30)/(-41) + 1/6?
4
Suppose 4*l - 4 = -4*p, 2*l - 5 = -p - 3*l. Suppose 3*u + r + 0*r = 2, 4 = -4*u + 2*r. Suppose -d + p + 4 = u. What is the units digit of d?
4
Suppose -29 = -15*h + 166. Suppose -h*g + 2*g + 3102 = 0. What is the hundreds digit of g?
2
Let g(u) = -u**3 + 8*u**2 - 6*u + 14. Let f be g(7). Let i = 106 - f. What is the units digit of i?
5
Let u = -6 + 6. Let b = 6 + u. What is the units digit of 21*(16/b)/4?
4
Suppose 38 = -a + 40. What is the hundreds digit of a/5 + -2 + (-2565)/(-25)?
1
Suppose -13*z - 560 = -5*z. Let r = 72 - z. What is the hundreds digit of r?
1
Let h = -20 - -26. Suppose 12 = h*p - 2*p. Suppose -2*i + 158 = -0*w + p*w, -2*w - 3*i = -102. What is the tens digit of w?
5
Let v(i) = 5*i. Let q be v(-1). Let x(b) = -2 - 13 - 9 - 2*b + 29. What is the units digit of x(q)?
5
Let k(z) be the third derivative of z**6/120 + z**5/12 - z**4/3 - z**3 - 7*z**2. What is the units digit of k(-6)?
6
Suppose 0*d - 2*h = 3*d + 104, 4*d - 2*h + 134 = 0. Let u = d + 38. Suppose u*q = q + 12. What is the units digit of q?
4
Let i be ((-6)/9)/(5/(-30)). Suppose i + 68 = 2*a. What is the tens digit of a?
3
Suppose 1300 = 2*u + 7*g - 5*g, -5*u + 5*g = -3290. What is the units digit of u?
4
Let p = 18 - 24. What is the tens digit of p/16 + (-1554)/(-48)?
3
Suppose 3 = 2*q + h, 3*q = -4*h + 1 + 1. Let j be (-11 - (-1 - q))*-2. What is the tens digit of (-4)/j*14*-10?
3
Let w = 550 - 208. What is the units digit of w?
2
What is the tens digit of ((-326)/6)/((-30)/9 - -3)?
6
Let z = 65 + -39. Suppose 3*o = 2*o + 5*j - 11, -5*o - 2*j = -z. Suppose -o*y - 4*s = -5 - 3, 2*y + 4*s = 6. What is the units digit of y?
1
Let u(w) = -w**3 - 12*w**2 + 12*w - 2. Let o be u(-13). What is the tens digit of 2/o - 229/(-11)?
2
Suppose 4*i + 29 = -3*z, 0*z + 5*z + 37 = -i. Let h = -1 - -10. Let g = h - z. What is the tens digit of g?
1
Let m = 27 + 1891. What is the tens digit of m?
1
Let v(o) = 3*o**2 + 10*o + 8. Let g(k) = k**2. Let y(a) = 5*g(a) - v(a). What is the units digit of y(11)?
4
Let l be 0/(8/(-4)) + 5. Suppose -4*s + 3*x + 77 = -88, 235 = l*s + 2*x. What is the units digit of s?
5
Suppose -2*s + 10 = 4*n, -4*s - s + 25 = 0. Suppose 5*t - 2*d + 139 - 733 = n, -3*t + d + 356 = 0. What is the hundreds digit of t?
1
Let t = -1217 + 2107. What is the units digit of t?
0
Let x = -4463 + 8580. What is the hundreds digit of x?
1
Let c be (-4)/((-8)/30)*2/6. Suppose k = -2*k - 4*l + 30, -5*k + 85 = -c*l. What is the tens digit of k?
1
Let j = -16 + 13. Let d = j + 0. What is the tens digit of (-51)/18*d*2?
1
Suppose -10481 = -5*b + 3*k, 193*b = 189*b - 4*k + 8372. What is the thousands digit of b?
2
Let q(z) = -21*z**3 - 2*z**2 - 10*z - 31. What is the thousands digit of q(-5)?
2
Let m be (-832)/(-14) + (-24)/(-42). Suppose -j + 22 + m = 0. What is the tens digit of j?
8
Let m(p) be the second derivative of -p**3/6 + 12*p**2 - 14*p. What is the units digit of m(-19)?
3
Let w = -599 + 875. What is the units digit of w?
6
Let x(q) = -q - 4. Let k be x(-6). Let a = 5 - k. Suppose 2*j - 5*j = -m - 70, 4*j + a*m - 102 = 0. What is the units digit of j?
4
Let g = -9 + 14. Suppose -4*f = -3*t - 292, -4*t - 5 - 11 = 0. Suppose 0 = g*z - f - 35. What is the units digit of z?
1
Let u = 11 + -11. Suppose 2*j - 83 = -x, 3*x = 4*j - u*x - 151. What is the units digit of j?
0
Let v = -4 + 6. Let z be (-1 - 0) + 2*v. Suppose 2*a = -5*s + 7, 43 = z*a + 2*a + 4*s. What is the units digit of a?
1
Let o(b) = -12 - 2*b + 4*b**2 - 3*b**2 + 8*b. Let p be o(6). Suppose 0 = 8*c - 4*c - p. What is the tens digit of c?
1
Let h be 35/(-2) + (-1)/2. Let p(s) = -s**3 - 17*s**2 + 19*s + 23. Let q be p(h). Suppose -q*z + 66 = -169. What is the units digit of z?
7
Suppose 6*h = -h - 19670. What is the tens digit of h/(-35) - 2/(-28)*-4?
8
Let u(p) = p**2 + 10*p - 22. Let j be u(-12). Suppose 3*q = j*q + 29. What is the tens digit of q?
2
Let s(b) = 5*b**2 - 64*b - 83. Let k(p) = -2*p**2 + 21*p + 28. Let y(u) = 8*k(u) + 3*s(u). What is the units digit of y(-16)?
3
Let z be 1/((8/(-2))/(-4)). What is the tens digit of (0 - z)/(27/(-3753))?
3
Let z = 13 + -13. Suppose -3*p + 4*f = -15, 0 = -2*p + f - z + 5. What is the units digit of 51/34 - p/2?
1
Let u = 677 + 1463. What is the thousands digit of u?
2
Let l(i) = -7*i - 8. Let q be l(-5). Suppose q = -4*d + x, x + 77 = -5*d + 32. Let f = d + 12. What is the units digit of f?
4
Let v = 33 + -29. Suppose -v*a + 277 = -91. What is the tens digit of a?
9
Suppose -3*t + 1664 = -4*a, -3*t + 2*a = -2*t - 554. What is the hundreds digit of t?
5
What is the units digit of (374 - 8)/(-2 + 6/2)?
6
Let t = -819 - -3807. What is the hundreds digit of t?
9
Let i(m) be the first derivative of -m**4/4 - 11*m**3/3 - m**2/2 + 6*m - 4. What is the tens digit of i(-11)?
1
Suppose -9*i - 428 = 364. Let z = i - -165. What is the units digit of z?
7
Let s = -66 + 271. Suppose 8*r + s = 13*r. What is the units digit of r?
1
Suppose -2*i = -11*i - 1710. Let l = i - -290. What is the hundreds digit of l?
1
Suppose -4*y - 2*f + 10 = -2*y, -2*f = 0. Suppose 4*s = 3*n + 63 + 123, y*s + 3*n - 246 = 0. What is the units digit of s?
8
Suppose 211 + 583 = 2*p. What is the tens digit of p?
9
Suppose 20*v + 1420 = 25*v - 2*s, 0 = -v - 2*s + 284. What is the hundreds digit of v?
2
Suppose 3*w + 7 = -29. What is the units digit of w/4 + 16 + 3?
6
Let y(q) = 3*q - 4*q - q**3 - 3*q**2 + 3 + 3*q**2. Let i be y(0). What is the units digit of 0 + (6/2)/i?
1
Let c be 14*((-2)/8)/(6/12). Let p(s) = s**3 + 5*s**2 - 16*s + 7. What is the tens digit of p(c)?
2
Let k(y) be the first derivative of -24*y**2 + 5. Let x be k(-1). Let u = x - 33. What is the tens digit of u?
1
Suppose -5*x = -0*x - 430. Suppose 0 = 3*m - 52 - x. Suppose 0*i = -i + m. What is the tens digit of i?
4
Let t = 444 - -5336. What is the units digit of t?
0
Let h(z) = 5 - 9 - 50*z + 51*z. Let x(j) = -3*j + 2. Let p be x(-3). What is the units digit of h(p)?
7
Let n(a) = 33*a - 10. Let k be n(4). Suppose -2*b - k = -3*b. What is the hundreds digit of b?
1
What is the units digit of 4/(-6)*(14 + -5) + 1111?
5
Suppose -42*w = 44*w - 104490. What is the hundreds digit of w?
2
Let u = 48 + -47. Suppose u = 4*w - 199. What is the units digit of w?
0
Let t = 385 + 115. What is the units digit of t?
0
Let c be (-1)/3 - 7/(-3). Suppose -70 = -c*